- 27*r - 29. Suppose -4*a + 247 = -57. Calculate the remainder when a is divided by g.
16
Suppose -29*h = -23*h - 30. Suppose -5*w + 10*w + 4*a - 1019 = 0, 5*a = -h*w + 1020. What is the remainder when w is divided by 34?
33
Let u = 52 + -16. Suppose -34 = -161*r + 163*r. Let t(q) = -19*q - 312. Calculate the remainder when u is divided by t(r).
3
Let p(c) = 133*c**2 - 211*c - 2182. What is the remainder when p(-10) is divided by 131?
128
Let b = 5077 + -4989. Calculate the remainder when 787 is divided by b.
83
Let d(t) = 402*t + 3720. What is the remainder when d(0) is divided by 28?
24
Let d(o) = 148*o - 3079. Calculate the remainder when 984 is divided by d(23).
9
Suppose -907*z + 908*z - 1482 = 0. What is the remainder when z is divided by 28?
26
Let j(d) = 255*d + 2639. Let p(t) = t - 2. Let g be p(4). Suppose g*b + 5*n - 41 = -0*n, -3*b - 3*n + 66 = 0. What is the remainder when j(-10) is divided by b?
20
Suppose -128*b + 9312 = -32*b. Calculate the remainder when 667 is divided by b.
85
Suppose -6*s = -0*s - 42. Suppose -b - s = -2*j, 2*j = -b + 4*b + 1. Suppose -6*t = -15 - 27. Calculate the remainder when t is divided by b.
1
Let a(s) = -s**3 + 4*s**2 + 20*s - 22. Let d be a(7). Let m = d + 86. Calculate the remainder when m is divided by 0 + -2 - 32/(-1).
27
Let b be -65*((-7)/(-14))/(3/6). What is the remainder when 41 is divided by ((-26)/b)/(2/115)?
18
Calculate the remainder when 176 is divided by (-1206)/(-8) - (147/(-12))/(-7).
27
Let n = 271250 + -271194. Suppose j - 1 = -4*r, 3*j - 3*r = r + 19. What is the remainder when 216/10*(j + 0) is divided by n?
52
Let h(v) = v**3 - 4*v**2 - 3. What is the remainder when (-2100)/(-8) + (-32)/64 is divided by h(5)?
20
Suppose 60*x + 64 = 64*x. Let f(y) = y**2 - 9*y - 94. What is the remainder when f(x) is divided by 5?
3
Suppose 2*w = -3*f + 105, 54 = -5*f + w + 242. Let o(q) = -246*q + 3419. Calculate the remainder when o(13) is divided by f.
36
Let b = 7 + 55. Suppose 3232 = 534*o - 332*o. Calculate the remainder when b is divided by o.
14
Let r be ((-5)/((-20)/(-16)))/(-1). Suppose -r*m + 62 + 14 = 0. Suppose -2*x + 89 = -33. Calculate the remainder when x is divided by m.
4
Suppose -5*u = -k - 106, 10 = -3*k + 22. Suppose -l + p = -9, -p = -3*l + p + u. Suppose -3*w = -14 - l. What is the remainder when 9 is divided by w?
3
Let s(d) = 3*d**2 + 1619*d + 9716. What is the remainder when 7589 is divided by s(-6)?
109
Let z = -3543 + 3558. Calculate the remainder when 264 is divided by z.
9
Let l be (-5)/(-4 - (4 + -7)). Suppose 0 = -l*f + 24*f - 228. Let y = 152 - 105. What is the remainder when y is divided by f?
11
Let a = 57 + -46. Suppose 0 = 3*l + 3*l - 108. Suppose -f + 2052 = l*f. What is the remainder when f is divided by a?
9
What is the remainder when -810 + 797 - (-1 - 857)*1 is divided by 53?
50
Suppose 51*l = 47*l - 4*i + 32, 0 = 6*l + i - 38. Let n = 69 - 44. Calculate the remainder when n is divided by l.
1
Let m = -14 + 136. Let q = 69 - m. Let z = -26 - q. What is the remainder when z is divided by 7?
6
Suppose 16*h - 12*h = -o - 37, 5*o = 4*h - 257. Let t be 7/35 + 552/(-10). Let a = o - t. Calculate the remainder when 71 is divided by a.
5
Let d(g) = g**2 - 16*g - 47. Let c be ((-2)/5)/((-10)/475). What is the remainder when 95 is divided by d(c)?
5
Let d = -31 + 73. Suppose -1169738 = -17*x - 1168344. Calculate the remainder when x is divided by d.
40
Suppose -201 = -10*f - 51. Suppose j - 4*c - 7 = 40, f = -3*c. What is the remainder when 294 is divided by j?
24
Suppose -4*l - 3*v + 59 = 0, -4*v - 8 = -28. Suppose -l - 13 = -p. What is the remainder when p is divided by 13?
11
Let b(p) = -17*p - 149. Suppose 9*k + 3*k = 912. Calculate the remainder when b(-31) is divided by k.
74
Let r(t) = 103*t**2 - 28*t + 32. Calculate the remainder when 4919 is divided by r(1).
104
Let h(b) = b**3 - 33*b**2 + b - 29. Let s be h(33). What is the remainder when 117 is divided by 5*(3 + s + -4)?
12
Suppose 5*o = -2*a - 106 + 1855, -2652 = -3*a + 2*o. Calculate the remainder when a is divided by 15.
12
Let z(i) = 2*i**2 - 200*i - 3242. Calculate the remainder when z(115) is divided by 201.
7
Let x(u) = -2*u**3 - 3*u**2 + 5*u + 2. Suppose 4*y + 123 = m - 49, -2*y = 2*m - 364. What is the remainder when m is divided by x(-3)?
12
Suppose -3*x = 2*v + x, 3*x = 5*v - 13. Suppose -2*w = -2*p + 40, 18*p - v*w = 21*p - 80. Calculate the remainder when 84 is divided by p.
12
What is the remainder when 1524 is divided by ((-297)/(-36) - 7)*(1 - (-28)/4)?
4
Let v(d) = d**2 + 90*d + 1086. Calculate the remainder when 113 is divided by v(-14).
3
Suppose 0*f + 35 = 7*f. Let k(y) = -y**3 + 11*y**2 + 22*y - 200. Calculate the remainder when k(11) is divided by f.
2
Let r(s) = -7*s. Let g(n) = 139*n**2 + 397*n + 396. Calculate the remainder when g(-1) is divided by r(-1).
5
Let k = 13918 - 13661. Calculate the remainder when k is divided by 41.
11
Let c(w) = w**2 - 7*w + 12. Let u be c(5). Suppose f + u*j = -3*j + 34, 5*f = -j + 98. Let k = 229 + -80. Calculate the remainder when k is divided by f.
16
Calculate the remainder when 1437 is divided by (36/(-78))/((2 + 4)/(-234)).
15
Let j = 103 + -65. Suppose 0 = 5*g + 2*g - 672. Suppose f + 3*r = g, r - 439 = -f - 3*f. What is the remainder when f is divided by j?
35
Suppose -3*f - 805 = 4*x - 831, -14 = -4*x + 3*f. Let a = 35 + -21. What is the remainder when a is divided by x?
4
Let c(w) = -w**3 - 14*w**2 + 163*w + 2369. Calculate the remainder when 221 is divided by c(-14).
47
Let l(d) = -d**2 + 12*d - 1. Let m be -4*19*(-6 - 22/(-4)). Suppose 0 = -2*s + m - 22. Calculate the remainder when l(s) is divided by 4.
3
Let b = 1336 - 1314. What is the remainder when 4376 is divided by b?
20
Let d(q) = -q**3 + 11*q**2 - 5*q - 19. Let l be d(6). Suppose -3*s + l = r - 32, -5*s + 285 = -r. Calculate the remainder when 279 is divided by s.
55
Suppose -p = a + 3*p - 20, 5*p + 20 = 0. Suppose 533 = 6*f + 11*f + 24*f. What is the remainder when a is divided by f?
10
Let n = 11 + 51. Let z be (-99)/(-22)*32/6. Suppose 3 = -3*g, -g + z = t - 8. Calculate the remainder when n is divided by t.
29
Suppose 3*l = -3*x + 1161, -2*l - 395 = -x - 5*l. Let y = x - 351. Calculate the remainder when (-3)/(-12) - (-635)/4 is divided by y.
31
Let q(f) = 4*f**2 + 65*f - 200. What is the remainder when 2559 is divided by q(3)?
17
Let v = 46 - 364. Let p = 403 + v. Calculate the remainder when p is divided by 38.
9
Suppose -88*k + 90*k - 3*v = 4143, 0 = -4*k + 4*v + 8296. Calculate the remainder when k is divided by 80.
79
Suppose -5*k = -177 - 373. Calculate the remainder when k is divided by 42.
26
Suppose 4*u + 46 = -22. Let v = -8 - u. Let l = -2460 - -2475. What is the remainder when l is divided by v?
6
Suppose -4*d - 34 = -126. Suppose h + 25 = -25*z + 36*z, 4*z = -2*h + 80. Calculate the remainder when h is divided by d.
7
Let s = -849 + 2067. Suppose 204*f = 197*f + s. Calculate the remainder when f is divided by 30.
24
Let a be (-5)/2*(3 + -5). Suppose -4*t = -4*o + 3*o + 110, -2*o + 223 = -a*t. What is the remainder when o is divided by 29?
27
Let j(z) = 809*z**3 - 13*z**2 + 12*z - 8. What is the remainder when j(2) is divided by 137?
134
Let o(l) = -l**3 + 15*l**2 + 10*l - 8. Let m be o(16). Let k = 172 + m. Let a = k + -60. What is the remainder when 86 is divided by a?
6
Let j = 26217 + -26188. Let y = 131 - 94. What is the remainder when y is divided by j?
8
Calculate the remainder when 2346 is divided by (-57680)/(-588) - (-2)/(-21).
92
Let m = -381 + 808. Calculate the remainder when m is divided by 114.
85
Suppose 5*s - 38 = 2*z, 0 = s + 5*z + 6 + 8. Suppose 0 = 3*b - 6, 5*l - s*b - 980 = -11*b. What is the remainder when l is divided by 68?
58
Suppose 4*q - 5*l = 237, 5*l = 2*q + 15 - 136. Calculate the remainder when (2106/156)/(2*(-4)/(-64)) is divided by q.
50
Let r be (-6 - (-5 + 21))*-8. Let c = 209 - r. Let d = -12 + 30. Calculate the remainder when c is divided by d.
15
Let b be (2/(-4)*-2)/(12/144). Let h(o) = o**2 - 12*o + 34. What is the remainder when h(b) is divided by 5?
4
Suppose 0 = -4*t + 24*t - 2520. What is the remainder when 2517 is divided by t?
123
Let o = -296 + 310. Suppose -5*r - 5*y + 280 = 0, 0*r = 5*r - 3*y - 256. Calculate 